 of (-2 + -1)*((-145)/(-15))/(-1)?
29
Suppose 1190 = -51*j + 56*j. What are the prime factors of j?
2, 7, 17
Suppose 0 = 5*u + 20, -5*u = -4*i + i + 302. What are the prime factors of i?
2, 47
Suppose -j = 2*k - 0*k - 23, 4*k = -3*j + 79. What are the prime factors of j?
3, 11
Let g(h) = h**3 - 7*h**2 + h + 10. Let a be g(7). Let u = a - 7. List the prime factors of u.
2, 5
Suppose 4*l - 244 = 368. What are the prime factors of l?
3, 17
Suppose -4*r + 6*r = 132. Suppose -w + r - 14 = -4*n, 0 = 2*w - n - 97. What are the prime factors of w?
2, 3
Let y = 283 + -188. List the prime factors of y.
5, 19
Suppose -j - 16 = -f, -4*f = -2*f + 2*j - 52. Suppose -a + f = -4*d, 5*d + 17 = -a + 2. Let q = a - -5. List the prime factors of q.
2, 5
Let l be 0 - 2 - (3 - -1). List the prime factors of 33/(2 - (-3)/l).
2, 11
Let j be (-7)/(-2) - (-4)/8. Let c be 2/j - 18/(-4). List the prime factors of c/(-10) - (-10)/4.
2
Let l = 128 - 59. Suppose -8*z = -5*z - l. List the prime factors of z.
23
Suppose -2*g + 0*g + 24 = 0. Let w = g - 4. What are the prime factors of w?
2
Suppose -3*f + 158 = 2*m - 92, 4*m - f - 486 = 0. List the prime factors of m.
2, 61
Suppose -c - 3*b + 4 = -4, 0 = -b + 1. Suppose 3*j - 5*j = 5*i - 13, c*j - 3*i - 79 = 0. List the prime factors of j.
2, 7
List the prime factors of 189 + (10/(-14) - 10/35).
2, 47
Let n(k) = k + 22. List the prime factors of n(-9).
13
Suppose 3*c - 210 = -2*r, 5*c - 2*c = 5*r + 231. List the prime factors of c.
2, 3
Let v = 6 - 2. Suppose 4*y = -3*g + 13, -v*g + 4 = -8. What are the prime factors of 5 - (y + -2 + 2)?
2
Let w(m) = m - 1. Let i be w(1). Suppose 5 = -i*t + 3*t - 4*z, 3*z - 33 = -3*t. Let y = t + 4. What are the prime factors of y?
11
Suppose 4*f + 2*s = 2*f + 4, f + 5*s - 10 = 0. Let u = f + 2. List the prime factors of u.
2
Suppose -3*f = 2*f - 10. Let r(u) = -6 + u**3 - u**2 - 2 + 9*u - 7*u**f. List the prime factors of r(7).
2, 3
Let k = -8 - -10. What are the prime factors of k?
2
Let w = -7 - -15. Let u = w + 5. List the prime factors of u.
13
Suppose -1 = 2*i - 9. What are the prime factors of (6/i)/((-4)/(-24))?
3
Let p be ((-2)/8)/(2/(-24)). List the prime factors of p - (6/3 + -4).
5
Let p(i) = i**2 - i + 2 - 8 - 5 + 9. List the prime factors of p(-2).
2
Let s(m) = 1 + 9*m - 5*m + 14*m. What are the prime factors of s(1)?
19
Suppose -6*w + 3*w = -12. Let b(i) = -2*i**2 + i - 1. Let j be b(w). What are the prime factors of j/(-3) + 3/9?
2, 5
Let p(s) = -17*s**3 - 4*s - 3. List the prime factors of p(-2).
3, 47
Let t be 40/22 - (-2)/11. Let y = -1 - -1. Suppose y = 4*g - t*n - 48, 3*g = -3*n + 19 - 1. List the prime factors of g.
2, 5
List the prime factors of -9*(2 + (-430)/15).
2, 3, 5
Suppose 0 = -q + 5*q - 236. List the prime factors of q.
59
Let x(z) = 55*z**2 - 2*z + 1. Let v be x(1). Suppose 4*b + v = 5*k, 4*k - 3*b - 26 = 17. List the prime factors of k - (1 + -2)*1.
11
Suppose y - 30 = -b, -19 = -3*b + 4*y + 64. What are the prime factors of b?
29
Suppose 6*x - 4*x = 48. What are the prime factors of x?
2, 3
Let a = -80 + 102. List the prime factors of a.
2, 11
Let g(h) = 10*h**2 - 2*h - 1. List the prime factors of g(-1).
11
Suppose 28 = 2*l - 66. Let v = 88 - l. What are the prime factors of v?
41
What are the prime factors of ((-5 - -4)/1)/((-2)/356)?
2, 89
Let y(r) be the second derivative of r**4/6 + r**3/3 + 3*r. List the prime factors of y(2).
2, 3
Suppose 5*o - 119 = 31. Let t be 6/21 + (-52)/(-14). Suppose 0*s - 3*s = -t*j + o, -j + 8 = -s. What are the prime factors of j?
2, 3
Suppose o = -2*o + 510. List the prime factors of o.
2, 5, 17
Let k(m) = 185*m**2 - 7*m + 2. List the prime factors of k(1).
2, 3, 5
Let j(d) = d + 17. Let q(b) = b**3 - 2*b**2 + 2*b - 1. Let k be q(1). What are the prime factors of j(k)?
17
Suppose -2*g = -3*l + 3, 5*g + 2*l = -l + 3. Let m = 28 - 17. Let v = m + g. What are the prime factors of v?
11
Suppose -95 = -6*z + 97. List the prime factors of z.
2
Let x(d) = 139*d**2 - 3*d + 4. What are the prime factors of x(1)?
2, 5, 7
Let v = -41 - -73. List the prime factors of v.
2
Suppose 20 = -3*h + 104. Let j = h + -16. What are the prime factors of j?
2, 3
Let y be ((-6)/5)/((-4)/(-40)). List the prime factors of ((-81)/6)/(9/y).
2, 3
Let a = 49 - 7. List the prime factors of a.
2, 3, 7
Suppose -u + 3 = -2*d, -2*d + 15 = 2*u - u. Let j(p) = -p**2 + 12*p - 13. What are the prime factors of j(u)?
2, 7
Let i = -7 - -16. Let m = 20 - i. What are the prime factors of m?
11
Suppose 2*o - 9*o = -595. What are the prime factors of o?
5, 17
Let h(b) = b**3 - b - 6. Let q be h(0). What are the prime factors of (1/(-2))/(q/228)?
19
List the prime factors of (41 - 1) + 27/(-9).
37
Let z(a) = -a + 8. Let p be z(6). Suppose 5*q = -4*r + 37, 5*q + p*r = -0*r + 41. List the prime factors of q.
3
Let h(q) = -2*q - 4. Let y be h(-3). Suppose -y = 2*u - 26. List the prime factors of u.
2, 3
Let t(f) = 4*f - 7*f**2 + 1 - 3 - f - f**3 - f. Let r be t(-4). Let l = -36 - r. What are the prime factors of l?
2, 11
Let k be 1 + 0 + 1 + 3. Let d = 1 - k. Let m = 13 + d. List the prime factors of m.
3
Suppose 0 - 1 = o. Let p = 11 - o. List the prime factors of p.
2, 3
Suppose -5*h + 70 = 5*y - 95, 38 = y - 4*h. What are the prime factors of y?
2, 17
Suppose -10*m + 14 = -8*m. Suppose -3*u + m = -3*q - 38, 5*u - 3*q = 65. What are the prime factors of u?
2, 5
Suppose 0 = -3*q + 8 + 4. Let d be -2*((-2)/1 + 1). Suppose v = d*k - 12, -2*v = -q*v - 8. What are the prime factors of k?
2
Suppose -4*m + 3*b = 7*b - 32, 4*m + 13 = 5*b. List the prime factors of (1 + m)*33/6.
2, 11
Suppose 2 = q - 0. Let j = q - -3. Suppose 0 = j*a + 1 - 11. What are the prime factors of a?
2
Suppose -123 + 28 = -5*q. Let k = -13 + q. What are the prime factors of k?
2, 3
Let c = 122 - 38. What are the prime factors of c?
2, 3, 7
Let o(k) = -18*k - 56. List the prime factors of o(-6).
2, 13
Suppose 3*k = 4*z + 703, -z = 3*k - 542 - 156. List the prime factors of k.
233
Let f(i) = 5*i**2 + 2*i. List the prime factors of f(-4).
2, 3
Let y be (-16)/(-6)*(-30)/(-8). Suppose 0 = i - 6*i + y. Let b = i + 9. List the prime factors of b.
11
Let r(q) = -q**3 - 6*q**2 - 5*q - 15. What are the prime factors of r(-6)?
3, 5
Let b = -16 - -54. What are the prime factors of b?
2, 19
Let j = 123 + 44. List the prime factors of j.
167
What are the prime factors of (-2 - -22)/((-10)/(-60))?
2, 3, 5
Let h(d) = -d**2 - 9*d + 7. Let l be h(-6). Suppose -l = -0*i - 5*i. Suppose -i*o = -5*n + 45, 3 - 22 = -2*n + 3*o. List the prime factors of n.
2
Let u(g) = g**3 - 14*g**2 + 16*g + 22. What are the prime factors of u(13)?
61
List the prime factors of (31/(-2))/((-3)/6).
31
Let p(r) = 16*r - 3. Let x(q) = -4*q - 2. Let n be x(-1). What are the prime factors of p(n)?
29
Let n(c) = -c + 12. Let b be n(9). Let x = -1 + b. List the prime factors of x.
2
Let g be (-1)/(-2)*(1 + 3). Let j(h) be the first derivative of 4*h**3/3 - 2*h - 3. What are the prime factors of j(g)?
2, 7
Let a(r) = r**2 - r. Suppose -3*f = -5*f + 4. What are the prime factors of a(f)?
2
What are the prime factors of 12/9*(-945)/(-10)?
2, 3, 7
Suppose -62 + 17 = 5*l. List the prime factors of (l/(-6) + -2)*-6.
3
Let v(p) = -p - 2. Let a(i) be the third derivative of -i**4/8 - i**3 + 2*i**2. Let o(f) = -3*a(f) + 8*v(f). List the prime factors of o(2).
2
Let s = 16 + 17. Let a = s - 21. List the prime factors of a.
2, 3
What are the prime factors of (-1448)/(-10) - -1 - (-47)/235?
2, 73
Suppose -14*q + 15*q - 225 = 0. List the prime factors of q.
3, 5
Suppose 0*v - 4*v + 36 = 0. Suppose 7*l - v*l = -94. What are the prime factors of l?
47
What are the prime factors of (-3 + 6 + -4)*-4?
2
Suppose 3*z - 30 = -2*z. Let k be -2 + (-2 - 0) + -2. What are the prime factors of 14/z + (-4)/k?
3
Suppose 3*j + 0*j - 36 = 0. Let x = 7 - j. What are the prime factors of (-3)/x*(2 - -3)?
3
Let b(o) be the second derivative of -o**5/20 - o**4/3 - o**3/2 + o**2 - o. List the prime factors of b(-4).
2, 7
Suppose -5*z + 7 = 3*j, -4*z = -3*j + 5 + 11. Let h(x) = -6*x**3 + x + 1. List the prime factors of h(z).
2, 3
Let m = 120 - 57. What are the prime factors of m?
3, 7
Let w(s) = -50*s + 2. Let p be w(1). Let l = p - -76. What are the prime factors of l?
2, 7
Suppo